15
Calculate the highest common divisor of 2765 and 105.
35
What is the greatest common divisor of 576 and 3888?
144
Calculate the highest common divisor of 1837 and 835.
167
Calculate the highest common divisor of 474 and 79.
79
What is the greatest common divisor of 8 and 9064?
8
What is the greatest common factor of 40 and 160?
40
Calculate the highest common factor of 35 and 510.
5
Calculate the greatest common factor of 27 and 135.
27
What is the highest common divisor of 75 and 1245?
15
Calculate the highest common divisor of 244 and 3477.
61
What is the highest common factor of 12 and 452?
4
What is the highest common divisor of 465 and 15?
15
Calculate the highest common divisor of 130 and 14300.
130
What is the highest common divisor of 3732 and 96?
12
Calculate the highest common divisor of 785 and 40.
5
Calculate the highest common divisor of 1566 and 348.
174
What is the greatest common divisor of 19 and 1387?
19
Calculate the greatest common factor of 26 and 286.
26
What is the highest common divisor of 3 and 81?
3
Calculate the greatest common divisor of 155 and 2325.
155
What is the highest common factor of 363 and 33?
33
Calculate the highest common divisor of 448 and 8.
8
What is the greatest common divisor of 300 and 165?
15
Calculate the greatest common divisor of 208 and 962.
26
What is the greatest common factor of 16 and 72?
8
Calculate the greatest common divisor of 17 and 493.
17
Calculate the greatest common divisor of 208 and 3796.
52
Calculate the highest common divisor of 24 and 7.
1
What is the greatest common factor of 9299 and 51?
17
What is the greatest common divisor of 88 and 66?
22
Calculate the highest common factor of 17 and 2941.
17
Calculate the greatest common factor of 56 and 378.
14
Calculate the highest common factor of 116 and 4292.
116
What is the greatest common factor of 165 and 45?
15
What is the greatest common divisor of 261 and 15921?
261
What is the greatest common divisor of 22 and 4631?
11
Calculate the greatest common factor of 15043 and 98.
49
What is the greatest common divisor of 108 and 9?
9
Calculate the highest common factor of 550 and 50.
50
What is the highest common divisor of 2592 and 378?
54
Calculate the greatest common factor of 13 and 234.
13
Calculate the highest common divisor of 3618 and 54.
54
Calculate the highest common divisor of 2695 and 110.
55
Calculate the highest common divisor of 2 and 2.
2
What is the greatest common divisor of 15 and 255?
15
What is the highest common factor of 39 and 1131?
39
Calculate the greatest common divisor of 12359 and 68.
17
Calculate the highest common divisor of 96 and 32.
32
What is the greatest common divisor of 4 and 26?
2
Calculate the greatest common factor of 874 and 950.
38
What is the highest common divisor of 34908 and 12?
12
Calculate the greatest common divisor of 525 and 21.
21
Calculate the greatest common factor of 133 and 836.
19
What is the greatest common factor of 176 and 11?
11
Calculate the greatest common factor of 2176 and 68.
68
What is the highest common divisor of 7 and 21?
7
Calculate the highest common divisor of 135 and 40.
5
What is the greatest common factor of 80 and 640?
80
What is the highest common factor of 64 and 4288?
64
What is the greatest common divisor of 9495 and 422?
211
What is the greatest common factor of 1928 and 8?
8
What is the highest common divisor of 4 and 10?
2
Calculate the greatest common factor of 1472 and 46.
46
Calculate the highest common divisor of 24 and 24.
24
What is the greatest common divisor of 109 and 2?
1
What is the highest common factor of 45 and 3735?
45
What is the greatest common factor of 1178 and 124?
62
Calculate the highest common factor of 445 and 9523.
89
What is the greatest common factor of 84 and 1620?
12
Calculate the greatest common factor of 48 and 368.
16
Calculate the greatest common factor of 297 and 33.
33
Calculate the highest common factor of 26 and 65.
13
What is the greatest common factor of 15606 and 18?
18
Calculate the greatest common divisor of 6220 and 40.
20
What is the greatest common factor of 7 and 4?
1
What is the highest common divisor of 79 and 22357?
79
Calculate the highest common divisor of 56 and 8.
8
What is the highest common factor of 23568 and 4?
4
Calculate the highest common factor of 192 and 3.
3
What is the highest common factor of 2219 and 7925?
317
What is the highest common divisor of 35009 and 52?
13
What is the highest common factor of 48 and 3792?
48
Calculate the greatest common divisor of 12 and 192.
12
Calculate the greatest common divisor of 798 and 126.
42
What is the highest common divisor of 184 and 1679?
23
Calculate the greatest common divisor of 4443 and 3.
3
What is the highest common factor of 22 and 5962?
22
What is the highest common factor of 663 and 459?
51
Calculate the greatest common divisor of 36 and 492.
12
Calculate the highest common factor of 63 and 14.
7
What is the highest common divisor of 10 and 8?
2
Calculate the highest common divisor of 40 and 1808.
8
What is the greatest common divisor of 250 and 640?
10
Calculate the highest common factor of 350 and 735.
35
Calculate the highest common factor of 77 and 4.
1
Calculate the greatest common factor of 22740 and 60.
60
What is the highest common divisor of 1582 and 14?
14
What is the greatest common factor of 15 and 1?
1
What is the greatest common divisor of 123 and 3?
3
What is the highest common divisor of 166 and 21746?
166
Calculate the greatest common factor of 6272 and 364.
28
Calculate the greatest common factor of 30 and 2190.
30
What is the greatest common factor of 1573 and 13?
13
What is the highest common factor of 7696 and 40?
8
What is the greatest common divisor of 585 and 135?
45
What is the greatest common divisor of 47 and 47?
47
Calculate the highest common divisor of 46 and 5566.
46
Calculate the highest common factor of 30 and 470.
10
Calculate the highest common divisor of 136 and 578.
34
What is the greatest common factor of 564 and 12?
12
Calculate the greatest common divisor of 55 and 11.
11
What is the greatest common factor of 69 and 3?
3
What is the highest common divisor of 110 and 242?
22
Calculate the greatest common divisor of 26 and 598.
26
Calculate the greatest common divisor of 77 and 33.
11
What is the greatest common divisor of 1157 and 13?
13
What is the greatest common factor of 357 and 147?
21
What is the highest common divisor of 63 and 36?
9
What is the highest common divisor of 185 and 65?
5
What is the highest common divisor of 264 and 1104?
24
What is the highest common factor of 418 and 6574?
38
What is the highest common divisor of 7 and 896?
7
Calculate the greatest common divisor of 64 and 3.
1
Calculate the highest common factor of 14194 and 47.
47
Calculate the greatest common divisor of 35098 and 138.
46
What is the greatest common divisor of 32487 and 51?
51
What is the greatest common divisor of 311 and 2?
1
Calculate the greatest common factor of 1298 and 22.
22
Calculate the highest common divisor of 28 and 112.
28
What is the greatest common factor of 144 and 132?
12
Calculate the highest common divisor of 120 and 60.
60
Calculate the greatest common factor of 4284 and 108.
36
Calculate the greatest common divisor of 1769 and 1891.
61
Calculate the highest common factor of 147 and 33.
3
What is the greatest common factor of 39 and 624?
39
Calculate the highest common divisor of 48 and 60.
12
What is the highest common factor of 108 and 1088?
4
What is the greatest common divisor of 4828 and 68?
68
Calculate the greatest common divisor of 100 and 320.
20
What is the highest common factor of 513 and 2889?
27
What is the greatest common divisor of 5 and 1035?
5
What is the greatest common divisor of 3383 and 5174?
199
Calculate the highest common divisor of 39 and 1209.
39
What is the highest common divisor of 98 and 112?
14
What is the greatest common divisor of 28 and 1470?
14
What is the highest common divisor of 588 and 12?
12
Calculate the greatest common divisor of 190 and 684.
38
Calculate the highest common factor of 160 and 384.
32
Calculate the greatest common divisor of 154 and 42.
14
What is the highest common factor of 15 and 285?
15
Calculate the highest common f